9 + 39 + (-1 - 5)?
4
Evaluate 16 - (3 + 8) - -15.
20
Evaluate (1 - 3 - 6) + 8 + -17 + 13.
-4
What is -33 + (-32 - -60 - 17)?
-22
11 + (-43 + -2 + (-8 - -19) - -2)
-21
(-43 - -6 - -30) + 15
8
(-10 - (-2 + 1)) + (55 - 53) + -8
-15
Evaluate 8 - (-1 + 1 + 7).
1
Calculate -2 + 2 + -6 + 11 + -3 + 8.
10
24 - -22 - 90 - -45
1
0 + (2 - 1) - (17 - 11)
-5
-1 + -1 + 582 + -600
-20
-3 + 22 - (2 - -29)
-12
What is (-12 - 11 - 3) + 13?
-13
What is 13 + -11 + 0 + 6 + -2?
6
What is the value of 28 - -10 - (-2 - -17)?
23
Calculate (104 - 116) + -2 + -1 + 2.
-13
What is 0 - 10 - (103 - 88)?
-25
What is 5 + -5 + 8 + (26 - (18 + -7))?
23
What is the value of (1 + 7 - (32 - 28)) + -10?
-6
Evaluate (-37 + 46 - 18) + 34.
25
10 + (5 - (4 + -9) - 5)
15
-7 + 3 + -32 + -114 + 132
-18
What is the value of 10 + -23 + 2 - (-2 - -1)?
-10
Calculate -10 - (-9 + -1 - -16 - 0).
-16
6 + 5 + -5 + (-7 - -8)
7
What is the value of 9 - (-7 + (-2 - -1) + 2 + 7)?
8
What is (3 - (3 + 6)) + (-79 - -94)?
9
What is 12 - (13 - -1) - (-30 - -1) - 8?
19
Evaluate 296 - 308 - (2 - -1).
-15
Calculate -83 + 68 + (-1 + 9 - (19 - 20)).
-6
Evaluate -5 - ((-3 - -9) + (-22 - -5)).
6
-10 - (15 + -20) - (-1 - -1)
-5
What is -38 + 41 - (3 + 1)?
-1
Calculate (0 - 5) + 14 + -20.
-11
What is -11 + (-2 - -2) - (-7 - -28 - 13)?
-19
Calculate (-2 - 14) + -15 + -43 + 77.
3
What is the value of 1 - 9 - (34 - 23 - -11)?
-30
-21 - (-7 + -1 + 3 + -3 + 1)
-14
Calculate 4 - (1 + -4 + -2 + -6).
15
Evaluate 8 + 19 + -42 + -2.
-17
What is the value of 12 + (-39 - 0) + 44?
17
What is -18 - (-28 + 8 - 15)?
17
Evaluate 4 + 1 + -7 + (65 - 53).
10
Evaluate -32 + 10 + (26 - 34).
-30
Calculate -43 + (-11 - -30) - (-1 - 10).
-13
-2 - (-6 - (-5 + 13))
12
-3 + -2 + 2 + -6 + 11 - 3
-1
-3 + -10 + 8 + 3 + -1
-3
What is the value of (4 + -7 - -12) + -9 - -4?
4
What is 25 - (16 - -8) - -8?
9
(-66 - (-2 - 3)) + 37
-24
Calculate -4 - (-4 + 2) - (223 + -226).
1
-1 + 7 + 16 + -29
-7
What is -18 + 55 + -39 - (1 - 13)?
10
Evaluate (-13 - -21) + (-1 - (1 + (4 - -1))).
1
Calculate -11 + (-2 - -13 - (-65 - -63)).
2
What is the value of 5 + 1 - (-11 + (8 - (11 - 5)))?
15
Evaluate -17 - (-2 + -6) - -4 - -3.
-2
Calculate -20 - 0 - (3 + 20 + -27).
-16
What is 13 + -5 + -11 - (-20 + 25)?
-8
What is (0 - -2) + (-9 - -26 - 8)?
11
What is the value of (-6 - (-19 + -1)) + -7 + -14?
-7
What is the value of -3 + -2 + (0 - 7 - (187 - 200))?
1
What is 4 - (0 + 2 - (-16 - -14))?
0
What is the value of -31 + (-37 - -25) + 42?
-1
What is the value of (2 - 4) + 18 + 7 + -5?
18
What is the value of 12 - 9 - 5 - (0 + 10 + -2)?
-10
Evaluate 6 + (-16 - (-20 - -14)).
-4
What is the value of -12 + 2 + 1 + 4?
-5
Evaluate 16 + 0 + -20 + (4 - -7) + 7.
14
Calculate 2 + 11 - (5 + 2) - -2.
8
Calculate (247 - 247) + -2 + 23.
21
Evaluate (-17 - -16) + (2 - -8) + -13.
-4
Calculate (-5 - 17) + -3 + 2.
-23
Calculate (6 - -1) + (3 - 5 - (4 + -4)).
5
Calculate 2 + 4 + 0 + -3 + -9.
-6
1 - (14 - 5 - (5 - 1))
-4
(-10 + 3 - -3) + -4
-8
Evaluate 15 - 28 - -8 - (-4 - (1 - 4)).
-4
What is 15 + (37 - 22 - 23)?
7
Evaluate -11 + (15 + 0 - -9) + 10.
23
What is the value of (31 + -38 - 2) + 11?
2
(-29 + -19 - -61) + (-1 - -17)
29
What is 49 - (8 + -15) - 28?
28
13 + ((-4 - 1) + 20 + -11 - 8)
9
What is the value of -13 - -66 - (36 - 1)?
18
What is the value of -25 + 20 + -21 + (0 - -6)?
-20
What is the value of -101 + 85 + (8 - -3)?
-5
What is the value of 13 - (19 - 11) - -2?
7
What is the value of -3 + -11 + 6 + -5?
-13
Evaluate -13 - (-11 - -7 - 2 - (-7 + 2)).
-12
(-2 - (4 - -1)) + (7 - -1) + 3
4
What is 5 - (-1 + -6 - (-25 - -31))?
18
What is (2 - -9) + (-20 - -16) - (-3 + 9)?
1
-11 + 14 + 15 - 5
13
Calculate 10 + 0 + (10 - -3) + (30 - 33).
20
What is the value of 1 + -2 - (-274 + 253)?
20
What is 0 + 34 - (-70 - (-47 - 31))?
26
Calculate -49 + 47 - (1 + 4 + -2).
-5
16 - ((9 + 1 - 15) + 5)
16
Calculate (4 - 12) + 18 + 9 + 4 + -4.
19
Calculate 13 + (11 - (28 + -11)).
7
What is the value of (-3 - (2 - 0)) + -18 + (-3 - -9)?
-17
Calculate 17 + (-2 + -22 - -3).
-4
Calculate 1 + 9 - (13 - (-2 - -11)).
6
0 - 1 - (-710 - -704)
5
What is the value of (-2 + -11 - -2) + -3?
-14
(16 - 1) + 1088 + -1127
-24
-1 - (15 + -18) - 13
-11
1 - (6 - -2) - -10
3
Evaluate -198 - -216 - (28 + 0).
-10
Calculate -7 - (-26 + (1 - 1) + -325 + 333).
11
49 - (14 + -6) - (19 - (27 - 15))
34
-4 - (-2 + (-6 + 7 - 12))
9
Evaluate -8 - 0 - (1732 - 1765).
25
Evaluate 3 + (1 - -3 - 17) - (14 + -17).
-7
What is the value of (-9 - (12 - (-10 - -56))) + (-6 - -8)?
27
Evaluate 35 + 2 - (2 - (3 + -5 + -1)).
32
What is 1 + 6 + (-13 - (-9 + -14) - 9)?
8
-77 - -84 - (0 + 23)
-16
Evaluate ((5 - 0) + 10 - 7) + (-21 - -4).
-9
Evaluate 12 - (-3 + -7 + -3 - -11).
14
6 - (6 - -12) - -22
10
20 + -17 + 15 + -20
-2
What is the value of (27 - 15) + (6 + -18 - -3)?
3
Calculate 2 + -37 + 8 + 26.
-1
What is 3 - ((-12 - -3) + 33)?
-21
Calculate -1 + (70 - 69) + (-1 - 1) + -3.
-5
3 - (30 - (-11 + 28)) - (3 + 0)
-13
-3 - (-4 - (-4 + -6)) - (9 + -12)
-6
What is the value of (-2 - (-3 - -10)) + (-34 - -15) + 14?
-14
What is the value of -45 + 18 + (1 + 3 - (1 - 0))?
-24
-3739 - -3742 - (-2 + 42 + -1)
-36
What is the value of 0 + (3 - 3) + 17 + -15 + -8?
-6
-328 + 330 - (23 - (-1 + 4))
-18
-6 - ((-25 - -61) + -60)
18
What is 28 - 14 - (3 - -8)?
3
Evaluate (1 - 5 - -2 - 12) + (2 - -1).
-11
Calculate (-40 - -40) + (0 - -8 - 3).
5
Evaluate (-10 - -16) + -6 - (-2 + -4).
6
What is 3 + 1 - (12 - (4 + 4))?
0
Calculate -3 + 6 + 3 + 4.
10
What is the value of -9 - ((2 - 2) + (-81 - -73))?
-1
What is (81 - 36 - (14 + -2)) + -6?
27
Calculate 1 - -1 - -8 - (56 - (5 - -50)).
9
Evaluate -7 + 26 + 14 + -21.
12
Calculate -21 + -9 - -10 - -10.
-10
Evaluate (-12 - -4) + (14 - 12) - (0 - 22).
16
Calculate 0 + (-25 - -2) - (21 + -4 + -25).
-15
-9 - (262 - 264 - (-1 + 4))
-4
-4 + -8 + 14 + 1
3
3 - (7 + -14 + 6 - (-14 - -1))
-9
What is the value of 8 + (-67 - -34) + 55?
30
What is (-297 - -280) + (3 - -21)?
7
Evaluate -21 - (-19 - (5 - -4)).
7
Evaluate 17 - (3 + (6 - 21)).
29
What is 18 - (44 - 18) - (3 - (0 + 2))?
-9
-61 + 72 + 3 + -2
12
What is the value of 8 + (-5 - 3) + 5 - (-3 + -9)?
17
Evaluate (126 - 121) + (-8 - 1).
-4
What is the value of 6 + (8 - (1 - ((6 - 19) + -1)))?
-1
What is the value of (-2 - 2) + (12 - 3)?
5
What is the value of 1 + -10 - (-245 + 244) - (-20 + -3)?
15
What is -169 + 168 + (0 - (-2 - (1 - 2)))?
0
Calculate -1 + -2 + -22 + 0 + 26 + -18.
-17
What is -10 - -8 - -6 - ((0 - -1) + 4)?
-1
What is (1 - (-16 - -13)) + (8 - 15)?
-3
What is the value of -7 - ((-24 - -17) + (2 - -7)) - 4?
-13
-19 - -10 - -21 - (4 + (-6 - 3))
17
What is the value of (-38 - -29 - 7) + 2?
-14
What is the value of -5 - 6 - -19 - 4?
4
What is 8 + -19 + (11 - 8)?
-8
Evaluate -10 + 25 - 5 - (-1 + -3 + 10).
4
Calculate -3 + 12 - (-10 - (-11 - 14)).
-6
(2 - (14 + -10)) + 7 + 10
15
Evaluate -17 + (9 + -4 + 5 + -9 - 0).
-16
Calculate (6 - 1) + 5 + -4 - (14 + -12).
4
What is the value of -5 + -2 + (38 - 15 - 11 - 20)?
-15
32 + -22 - (6 + (-1 - 4))
9
What is the value of 7 - 1 - (9 + 0 + 0 - -16)?
-19
What is -12 - (-1 + -5 + (1 - 6))?
-1
Evaluate (-4 - ((11 - 4) + -16)) + 13.
18
Evaluate 6 + -1 + 0 + (-1 - 6) + 2.
0
What is the value of -1 - 0 - (-31 + 92 + -72)?
10
-7 + (28 + 0 - (5 + 9 + -9))
16
What is the value of 5 + (-5 - (-5 - -1) - 4 - 12)?
-12
What is the value of -4 + -5 - ((11 - 20) + 4) - 8?
-12
(1 - -8) + 9 + 4 + -18
4
What is 0 + -4 - ((-19 - (-12 + 0)) + 4)?
-1
Calculate -10 + (6 - -2) + 12 - 37.
-27
What is the value of -20 - (-2 + (-4 - (0 - 13)))?
-27
What is -17 - (-19 - (-2 - 4 - 5))?
-9
What is (15 - 8) + -19 - (-12 - 1)?
1
Evaluate 8 - 13 - (-25 - -3).
17
What is the value of 0 + 11 + (-2 - (-5 - 1)) + -6?
9
Evaluate 9 - (5 + -25) - 11.
18
Evaluate (-11 - (-4 - (-8 - -19))) + 0 + 6.
10
-3 - 6 - (6 - (-7 + 2) - -11)
-31
Evaluate -9 + (-1 - -9) + (-10 - 4).
-15
Evaluate 16 - (6 + 4) - 19.
-13
What is (-32 - -60 - 74) + 22?
-24
What is (1 + 1 - 1) + (13 - -36) + -49?
1
Evaluate -7 + 0 + (-65 - -66) - -3.
-3
What is the value of -72 - -89 - (2 + 31)?
-16
What is -6 - (9 + -13 + 0)?
-2
(-2 + 3 - 1) + -2 + (12 - 5)
5
What is the value of -18 + (-18 - -10 - (-5 + -2))?
-19
Calculate -39 + 14 + 1 + 8.
-16
Evaluate -5 + 4 - 3 - (1 + (-7 - -1)).
1
Evaluate 18 + 